e -3*v + 2042 - 82 = 4*f, -4*v + 1470 = 3*f. Calculate the greatest common divisor of f and 10.
10
Suppose 0 = -m + 5*y + 39, 238 = 5*m + 2*y + 97. Let b = m - -6. Suppose 0 = h - 19 + 5. Calculate the highest common factor of h and b.
7
Let n = 7 - 6. Let s(q) = -1 - 3*q**3 + 12*q**3 + 2. Let g be s(n). Calculate the highest common divisor of 5 and g.
5
Suppose 4*s - 2 = c - 58, -c - 3*s + 63 = 0. Calculate the greatest common factor of c and 48.
12
Let l be (98/(-8))/(-1) - 1/4. Calculate the greatest common factor of 216 and l.
12
Suppose 0 = -206*q + 222*q - 2288. What is the greatest common divisor of q and 39?
13
Suppose -407 = -5*y + 253. Suppose -2*m + 12 = -4*l, 0*l - 51 = -4*m - l. Calculate the highest common factor of m and y.
12
Let a(w) = w**2 - 13*w + 1. Let k be a(14). Let f = -14 + k. Calculate the greatest common divisor of f and 1.
1
Suppose 21*k - 53 = 73. Calculate the greatest common factor of k and 78.
6
Let l = 188 + -114. Let v = l + -34. Calculate the highest common factor of v and 40.
40
Suppose -3*u = -4*j + 82, -4*j - 5*u - 67 = -7*j. Let b = -3 + j. Suppose 2*m = 4*m - 8. What is the greatest common divisor of b and m?
4
Let m(j) = j**2 - 1. Let x be m(7). What is the highest common divisor of x and 240?
48
Suppose -5*f + 70 - 35 = 0. What is the greatest common factor of f and 91?
7
Let l = -33 - -35. Suppose 0 = -2*v - l + 12. Calculate the greatest common factor of 2 and v.
1
Let h = 0 + 2. Suppose 4*t - 26 + h = 0. Let q(f) = -f**3 - 12*f**2 - 13*f - 13. Let b be q(-11). Calculate the greatest common divisor of t and b.
3
Suppose 4*g + 6*g - 120 = 0. Calculate the greatest common factor of g and 204.
12
Let i be -26*(-1 + 1/2). Suppose -12 = -16*g + 612. What is the greatest common factor of i and g?
13
Suppose -z = 4*z - 4*d - 2660, 2132 = 4*z - 4*d. Suppose -l - 2*l = -5*i + z, -4*l + 448 = 4*i. What is the greatest common factor of i and 12?
12
Let u(a) = a + 121. Let k be u(0). Suppose 0*y = 2*y - 10. Suppose y*p - 11 = 4*p. Calculate the highest common divisor of k and p.
11
Let n(v) = 34*v + 23. Let w be n(8). Let a be w/95 + (-8)/76. Calculate the greatest common divisor of a and 6.
3
Let t(q) = q**3 + 4*q**2 + q + 13. Suppose -3*d = -2*d + 5*b + 24, 3*d - b + 8 = 0. Let m be t(d). What is the highest common factor of m and 81?
9
Suppose -6*b + 43 = -113. Suppose j + 308 = 3*l, 5*l - 4*j = -82 + 586. What is the highest common divisor of b and l?
26
Let d(x) = -x**3 - 6*x**2 + 6*x + 2. Suppose -11*c - 98 = 3*c. Let b be d(c). Calculate the greatest common factor of b and 63.
9
Let g = -118 - -190. Let y = -58 + g. Let v = -17 + 52. Calculate the greatest common divisor of v and y.
7
Let g be (-8)/(-3) + 12/(-18). Suppose -g*s - 3*p = 4, s + 3*p = -0*p - 5. Let t be s - 2 - 50/(-2). What is the greatest common divisor of t and 192?
24
Suppose 13*d - 10*d = 24. Calculate the highest common factor of d and 128.
8
Suppose 4*t - 2 - 43 = k, -2*k = t. Suppose 8*r - 56 = 12*r. Let q = -9 - r. What is the greatest common factor of t and q?
5
Let q = 0 + -30. Let w = q + 81. Suppose 2*l = d - w, d - 4*l = 3*d - 78. Calculate the greatest common factor of d and 5.
5
Let p be (9 - 1)*(-48)/(-64). Suppose -4*z = 2*h - p, -h - h + z = -6. Suppose -108 = -6*t + h*t. What is the greatest common divisor of 90 and t?
18
Let b = -17 - -20. Suppose 1122 = 5*r - b*j, 4*j = -4 + 8. Suppose 0 = -7*p + 2*p + r. What is the highest common factor of 18 and p?
9
Let m = 10 - 13. Let w(c) = -3*c - 3. Let v be w(m). Suppose -340 = -v*x + 2*x. What is the highest common divisor of x and 34?
17
Suppose 71*h = 31*h + 20400. Calculate the highest common factor of h and 136.
34
Suppose -3*h - 2*l + 358 = -3*l, 472 = 4*h + 4*l. Let n = -74 + h. Let w = 8 - -1. What is the greatest common factor of w and n?
9
Let w = 136 - 85. Suppose 11*m = 4 + w. Calculate the greatest common factor of 25 and m.
5
Suppose 4*q - 2364 = 2*g - 810, 4*q + 2*g - 1574 = 0. What is the greatest common factor of 46 and q?
23
Let a be 5950/(-187) + 4/(-22). Let h = 40 + a. Calculate the highest common divisor of h and 8.
8
Let r be (-5)/((-5)/8) - 15/15. Calculate the greatest common divisor of r and 35.
7
Suppose -2*p - 1317 = -7*p + 3*h, -5*p + 4*h = -1316. Suppose 0 = 4*d - 9*d + 25, -81 = -4*f + 3*d. What is the greatest common factor of p and f?
24
Suppose 90 = 5*y + 2*i - 46, 2*y = -i + 54. Let j be -4*((3 - 2) + -30 - -4). Suppose -4*q + j = -124. Calculate the greatest common divisor of q and y.
28
Suppose -162 - 150 = -4*f. Calculate the greatest common divisor of 858 and f.
78
Suppose 4*c + 14 - 34 = 0. Suppose -c*n = 3*b - 34, -3*n + 38 = 4*b - 0*n. Let h = b - 7. What is the highest common divisor of 1 and h?
1
Suppose -5 = -6*f + 3*f + 2*z, -2*f - 2*z + 10 = 0. Suppose -h = 0, -h + 45 = f*x - 0*x. Calculate the highest common factor of 60 and x.
15
Let k be (7 - 0)*20/20. Suppose -220 = -k*x + 3*x. Suppose -6*h + x = 1. Calculate the greatest common divisor of h and 9.
9
Let f = -399 - -564. Let n(d) = -2*d**3 + 8*d**2 + 6*d - 9. Let g be n(4). Calculate the greatest common factor of f and g.
15
Let j = 114 + -110. What is the greatest common factor of 6 and j?
2
Let h(u) = 2*u**2 - 32*u + 28. Let j be h(16). What is the greatest common divisor of 308 and j?
28
Let m = 1071 - 554. What is the greatest common divisor of m and 47?
47
Let v = 491 - 279. Calculate the greatest common divisor of 53 and v.
53
Let b = 8 + 6. Let a = 224 + -104. Suppose -5*x = 5*p - a, -2*p = 3*x - 71 - 5. What is the greatest common divisor of x and b?
14
Let n be (8/(-3) + 3)*(6 - -393). What is the greatest common divisor of n and 931?
133
Let s be (-3)/(-7 + 44*(-8)/(-64)). Let u = 0 - -2. Suppose -u*z - 2*z + 8 = 0. What is the greatest common factor of z and s?
2
Suppose -10*r + 400 = -270. What is the greatest common factor of r and 268?
67
Let n(k) = 2*k**3 - 4*k**2 + 4. Let s be (-78)/(-4) - 10/20. Suppose -s + 11 = -2*x. Let q be n(x). Calculate the highest common factor of 17 and q.
17
Let u = -527 - -637. What is the highest common factor of u and 20?
10
Suppose 15*s + 1067 = 16*s. Calculate the greatest common factor of s and 97.
97
Let t(s) = s + 21. Let v be t(-13). Suppose 4*p + 3*j = -j, j - v = -3*p. Let u be p/(-8) - (-154)/4. Calculate the highest common factor of 57 and u.
19
Suppose 0 = 9*j + 94 + 158. Let s be j/21*(-36)/2. What is the highest common factor of 16 and s?
8
Suppose -g - 18 - 39 = -3*y, -5*y - 3*g + 95 = 0. Let r = 10 + 32. Suppose -l - 4 = -r. Calculate the highest common divisor of l and y.
19
Suppose 19 = -4*p + 91. Suppose -5*q - 4*g = -8*q + 116, 0 = -4*q + 5*g + 154. Calculate the highest common divisor of p and q.
18
Let d(j) = 14*j + 469. Let q be d(-13). Calculate the greatest common factor of q and 82.
41
Let y be (-1)/4 + 611/(-4). Let t = -112 - y. What is the highest common divisor of 205 and t?
41
Suppose -i = i - 320. Calculate the highest common factor of 40 and i.
40
Suppose -5*v - 4 + 19 = 0. Let u be (-1)/(-4) - 67/(-4). Suppose u = 4*i - 3*q, -2*i + 45 = v*i + q. Calculate the greatest common divisor of 2 and i.
2
Let r(u) = 3*u - 3. Let v be r(5). Suppose -5*x + q + 39 = 0, 3*q = x - 2*q - 3. Suppose d + x*d = 864. What is the highest common factor of d and v?
12
Let x(y) = y**2 + 4*y - 12. Let f be x(7). Suppose 3*k + v - 49 = 0, -16 = -5*k - 2*v + f. Suppose u + 2*u = 51. Calculate the highest common factor of u and k.
17
Suppose 4*p + 15 = z - 8, z + 12 = -3*p. Suppose 4*s + 2*f - 104 = f, 96 = 4*s + 3*f. Calculate the highest common factor of s and z.
3
Let a = 44 + -40. Suppose 0 = -2*g + a*t + 38, -g - g + 41 = -5*t. Calculate the highest common divisor of g and 39.
13
Let d = 907 + -884. Let v = 334 + -150. What is the greatest common factor of v and d?
23
Let a = -17 - -62. Let x = a - 18. Calculate the greatest common factor of 3 and x.
3
Let s = -39 + 40. What is the greatest common factor of 9 and s?
1
Let x(p) = p**3 + p**2 - 2*p + 290. Let y be x(0). Let s be y/14 - 4/(-14). What is the greatest common divisor of 14 and s?
7
Suppose 0 = -8*m + 6*m + 2, 80 = 3*q + 2*m. Calculate the highest common factor of 1586 and q.
26
Suppose -2*f = -2*t - 54, 4*f + 107 = 8*f - 5*t. Calculate the highest common 